{"id":1079,"date":"2022-04-21T05:10:47","date_gmt":"2022-04-21T08:10:47","guid":{"rendered":"https:\/\/editoralavita.com\/?post_type=exibicao&#038;p=1079"},"modified":"2024-07-08T00:31:25","modified_gmt":"2024-07-08T03:31:25","slug":"conflitos-e-identidades-a-acao-marista-nos-nucleos-teutos-do-rio-grande-do-sul","status":"publish","type":"exibicao","link":"https:\/\/editoralavita.com\/index.php\/exibicao\/conflitos-e-identidades-a-acao-marista-nos-nucleos-teutos-do-rio-grande-do-sul\/","title":{"rendered":"Conflitos e Identidades: a a\u00e7\u00e3o marista nos n\u00facleos teutos do Rio Grande do Sul"},"content":{"rendered":"","protected":false},"template":"","livraria":[25],"_links":{"self":[{"href":"https:\/\/editoralavita.com\/index.php\/wp-json\/wp\/v2\/exibicao\/1079"}],"collection":[{"href":"https:\/\/editoralavita.com\/index.php\/wp-json\/wp\/v2\/exibicao"}],"about":[{"href":"https:\/\/editoralavita.com\/index.php\/wp-json\/wp\/v2\/types\/exibicao"}],"wp:attachment":[{"href":"https:\/\/editoralavita.com\/index.php\/wp-json\/wp\/v2\/media?parent=1079"}],"wp:term":[{"taxonomy":"livraria","embeddable":true,"href":"https:\/\/editoralavita.com\/index.php\/wp-json\/wp\/v2\/livraria?post=1079"}],"curies":[{"name":"wp","href":"https:\/\/api.w.org\/{rel}","templated":true}]}}

Conflitos e Identidades: a ação marista nos núcleos teutos do Rio Grande do Sul
