{"id":1081,"date":"2022-04-21T05:13:09","date_gmt":"2022-04-21T08:13:09","guid":{"rendered":"https:\/\/editoralavita.com\/?post_type=exibicao&#038;p=1081"},"modified":"2024-07-08T00:28:42","modified_gmt":"2024-07-08T03:28:42","slug":"visoes-do-passado-historia-e-cultura-do-brasil-colonia","status":"publish","type":"exibicao","link":"https:\/\/editoralavita.com\/index.php\/exibicao\/visoes-do-passado-historia-e-cultura-do-brasil-colonia\/","title":{"rendered":"Vis\u00f5es do Passado: hist\u00f3ria e cultura do Brasil-col\u00f4nia"},"content":{"rendered":"","protected":false},"template":"","livraria":[25],"_links":{"self":[{"href":"https:\/\/editoralavita.com\/index.php\/wp-json\/wp\/v2\/exibicao\/1081"}],"collection":[{"href":"https:\/\/editoralavita.com\/index.php\/wp-json\/wp\/v2\/exibicao"}],"about":[{"href":"https:\/\/editoralavita.com\/index.php\/wp-json\/wp\/v2\/types\/exibicao"}],"wp:attachment":[{"href":"https:\/\/editoralavita.com\/index.php\/wp-json\/wp\/v2\/media?parent=1081"}],"wp:term":[{"taxonomy":"livraria","embeddable":true,"href":"https:\/\/editoralavita.com\/index.php\/wp-json\/wp\/v2\/livraria?post=1081"}],"curies":[{"name":"wp","href":"https:\/\/api.w.org\/{rel}","templated":true}]}}

Visões do Passado: história e cultura do Brasil-colônia
