{"id":1549,"date":"2023-06-23T14:01:10","date_gmt":"2023-06-23T17:01:10","guid":{"rendered":"https:\/\/editoralavita.com\/?post_type=exibicao&#038;p=1549"},"modified":"2024-04-29T18:53:09","modified_gmt":"2024-04-29T21:53:09","slug":"guerra-civil-em-mocambique-1976-1988-antropologia-espiritual-e-socioeconomica-da-populacao-de-manica-e-sofala","status":"publish","type":"exibicao","link":"https:\/\/editoralavita.com\/index.php\/exibicao\/guerra-civil-em-mocambique-1976-1988-antropologia-espiritual-e-socioeconomica-da-populacao-de-manica-e-sofala\/","title":{"rendered":"Guerra Civil em Mo\u00e7ambique (1976-1988): antropologia espiritual e socioecon\u00f4mica da popula\u00e7\u00e3o de Manica e Sofala"},"content":{"rendered":"","protected":false},"template":"","livraria":[],"_links":{"self":[{"href":"https:\/\/editoralavita.com\/index.php\/wp-json\/wp\/v2\/exibicao\/1549"}],"collection":[{"href":"https:\/\/editoralavita.com\/index.php\/wp-json\/wp\/v2\/exibicao"}],"about":[{"href":"https:\/\/editoralavita.com\/index.php\/wp-json\/wp\/v2\/types\/exibicao"}],"wp:attachment":[{"href":"https:\/\/editoralavita.com\/index.php\/wp-json\/wp\/v2\/media?parent=1549"}],"wp:term":[{"taxonomy":"livraria","embeddable":true,"href":"https:\/\/editoralavita.com\/index.php\/wp-json\/wp\/v2\/livraria?post=1549"}],"curies":[{"name":"wp","href":"https:\/\/api.w.org\/{rel}","templated":true}]}}

Guerra Civil em Moçambique (1976-1988): antropologia espiritual e socioeconômica da população de Manica e Sofala
