{"id":1718,"date":"2024-03-30T17:36:06","date_gmt":"2024-03-30T20:36:06","guid":{"rendered":"https:\/\/editoralavita.com\/?post_type=exibicao&#038;p=1718"},"modified":"2024-07-08T00:25:47","modified_gmt":"2024-07-08T03:25:47","slug":"a-genese-da-historia-de-quarai-2","status":"publish","type":"exibicao","link":"https:\/\/editoralavita.com\/index.php\/exibicao\/a-genese-da-historia-de-quarai-2\/","title":{"rendered":"A G\u00eanese da Hist\u00f3ria de Quara\u00ed"},"content":{"rendered":"","protected":false},"template":"","livraria":[25],"_links":{"self":[{"href":"https:\/\/editoralavita.com\/index.php\/wp-json\/wp\/v2\/exibicao\/1718"}],"collection":[{"href":"https:\/\/editoralavita.com\/index.php\/wp-json\/wp\/v2\/exibicao"}],"about":[{"href":"https:\/\/editoralavita.com\/index.php\/wp-json\/wp\/v2\/types\/exibicao"}],"wp:attachment":[{"href":"https:\/\/editoralavita.com\/index.php\/wp-json\/wp\/v2\/media?parent=1718"}],"wp:term":[{"taxonomy":"livraria","embeddable":true,"href":"https:\/\/editoralavita.com\/index.php\/wp-json\/wp\/v2\/livraria?post=1718"}],"curies":[{"name":"wp","href":"https:\/\/api.w.org\/{rel}","templated":true}]}}

A Gênese da História de Quaraí
