{"id":1758,"date":"2024-09-07T14:54:50","date_gmt":"2024-09-07T17:54:50","guid":{"rendered":"https:\/\/editoralavita.com\/?post_type=exibicao&#038;p=1758"},"modified":"2025-01-27T16:04:23","modified_gmt":"2025-01-27T19:04:23","slug":"alfabeto-de-emocoes","status":"publish","type":"exibicao","link":"https:\/\/editoralavita.com\/index.php\/exibicao\/alfabeto-de-emocoes\/","title":{"rendered":"Alfabeto de emo\u00e7\u00f5es: uma jornada psicol\u00f3gica atrav\u00e9s das fases da vida"},"content":{"rendered":"","protected":false},"template":"","livraria":[],"_links":{"self":[{"href":"https:\/\/editoralavita.com\/index.php\/wp-json\/wp\/v2\/exibicao\/1758"}],"collection":[{"href":"https:\/\/editoralavita.com\/index.php\/wp-json\/wp\/v2\/exibicao"}],"about":[{"href":"https:\/\/editoralavita.com\/index.php\/wp-json\/wp\/v2\/types\/exibicao"}],"wp:attachment":[{"href":"https:\/\/editoralavita.com\/index.php\/wp-json\/wp\/v2\/media?parent=1758"}],"wp:term":[{"taxonomy":"livraria","embeddable":true,"href":"https:\/\/editoralavita.com\/index.php\/wp-json\/wp\/v2\/livraria?post=1758"}],"curies":[{"name":"wp","href":"https:\/\/api.w.org\/{rel}","templated":true}]}}

Alfabeto de emoções: uma jornada psicológica através das fases da vida
