{"id":1894,"date":"2025-10-14T12:18:06","date_gmt":"2025-10-14T15:18:06","guid":{"rendered":"https:\/\/editoralavita.com\/?post_type=exibicao&#038;p=1894"},"modified":"2025-10-14T12:20:13","modified_gmt":"2025-10-14T15:20:13","slug":"inverno-2025-coletanea-poetica-serie-estacoes-da-vida","status":"publish","type":"exibicao","link":"https:\/\/editoralavita.com\/index.php\/exibicao\/inverno-2025-coletanea-poetica-serie-estacoes-da-vida\/","title":{"rendered":"Inverno 2025: colet\u00e2nea po\u00e9tica &#8211; S\u00e9rie Esta\u00e7\u00f5es da Vida"},"content":{"rendered":"","protected":false},"template":"","livraria":[],"_links":{"self":[{"href":"https:\/\/editoralavita.com\/index.php\/wp-json\/wp\/v2\/exibicao\/1894"}],"collection":[{"href":"https:\/\/editoralavita.com\/index.php\/wp-json\/wp\/v2\/exibicao"}],"about":[{"href":"https:\/\/editoralavita.com\/index.php\/wp-json\/wp\/v2\/types\/exibicao"}],"wp:attachment":[{"href":"https:\/\/editoralavita.com\/index.php\/wp-json\/wp\/v2\/media?parent=1894"}],"wp:term":[{"taxonomy":"livraria","embeddable":true,"href":"https:\/\/editoralavita.com\/index.php\/wp-json\/wp\/v2\/livraria?post=1894"}],"curies":[{"name":"wp","href":"https:\/\/api.w.org\/{rel}","templated":true}]}}

Inverno 2025: coletânea poética &#8211; Série Estações da Vida
