{"id":533,"date":"2021-07-10T12:19:58","date_gmt":"2021-07-10T15:19:58","guid":{"rendered":"https:\/\/editoralavita.com\/acesso\/?page_id=533"},"modified":"2022-05-03T09:40:00","modified_gmt":"2022-05-03T12:40:00","slug":"e-book","status":"publish","type":"page","link":"https:\/\/editoralavita.com\/index.php\/e-book\/","title":{"rendered":"E-book"},"content":{"rendered":"\t\t<div data-elementor-type=\"wp-page\" data-elementor-id=\"533\" class=\"elementor elementor-533\" data-elementor-settings=\"[]\">\n\t\t\t\t\t\t\t<div class=\"elementor-section-wrap\">\n\t\t\t\t\t\t\t<section class=\"elementor-section elementor-top-section elementor-element elementor-element-f70b4c3 elementor-section-boxed elementor-section-height-default elementor-section-height-default\" data-id=\"f70b4c3\" data-element_type=\"section\">\n\t\t\t\t\t\t<div class=\"elementor-container elementor-column-gap-default\">\n\t\t\t\t\t<div class=\"elementor-column elementor-col-100 elementor-top-column elementor-element elementor-element-6957670\" data-id=\"6957670\" data-element_type=\"column\">\n\t\t\t<div class=\"elementor-widget-wrap elementor-element-populated\">\n\t\t\t\t\t\t\t\t<section class=\"elementor-section elementor-inner-section elementor-element elementor-element-d99294a elementor-section-boxed elementor-section-height-default elementor-section-height-default\" data-id=\"d99294a\" data-element_type=\"section\">\n\t\t\t\t\t\t<div class=\"elementor-container elementor-column-gap-default\">\n\t\t\t\t\t<div class=\"elementor-column elementor-col-50 elementor-inner-column elementor-element elementor-element-f12d6d8\" data-id=\"f12d6d8\" data-element_type=\"column\">\n\t\t\t<div class=\"elementor-widget-wrap elementor-element-populated\">\n\t\t\t\t\t\t\t\t<div class=\"elementor-element elementor-element-d42d45f elementor-widget elementor-widget-heading\" data-id=\"d42d45f\" data-element_type=\"widget\" data-widget_type=\"heading.default\">\n\t\t\t\t<div class=\"elementor-widget-container\">\n\t\t\t<h2 class=\"elementor-heading-title elementor-size-default\">E-book de acesso LIVRE <br>ou restrito ao autor<\/h2>\t\t<\/div>\n\t\t\t\t<\/div>\n\t\t\t\t<div class=\"elementor-element elementor-element-8d28aad ebook-desc elementor-widget elementor-widget-heading\" data-id=\"8d28aad\" data-element_type=\"widget\" data-widget_type=\"heading.default\">\n\t\t\t\t<div class=\"elementor-widget-container\">\n\t\t\t<h2 class=\"elementor-heading-title elementor-size-default\"><b><u>Acesso livre<\/u><\/b><br>Se o autor desejar, o livro (e-book) poder\u00e1 ser disponibilizado online, em PDF, no site da editora, para quem quiser baixar ou imprimir, de forma gratuita e vital\u00edcia. O autor ou organizador tem total liberdade para contratar e executar o servi\u00e7o em gr\u00e1fica da sua confian\u00e7a, ap\u00f3s o lan\u00e7amento. \n<\/h2>\t\t<\/div>\n\t\t\t\t<\/div>\n\t\t\t\t<div class=\"elementor-element elementor-element-d5f6969 ebook-desc elementor-widget elementor-widget-heading\" data-id=\"d5f6969\" data-element_type=\"widget\" data-widget_type=\"heading.default\">\n\t\t\t\t<div class=\"elementor-widget-container\">\n\t\t\t<h2 class=\"elementor-heading-title elementor-size-default\"><u><b>Acesso restrito ao autor<\/b><\/u><br>Somente o autor ter\u00e1 acesso ao livro em PDF, tendo, assim, total liberdade para tratar da impress\u00e3o, da distribui\u00e7\u00e3o e da venda. A publicidade ser\u00e1 realizada no site e nas redes sociais da <marca>Editora La Vita<\/marca>, utilizando somente a imagem de capa e os dados catalogr\u00e1ficos da obra, e fornecendo o contato do autor.<\/h2>\t\t<\/div>\n\t\t\t\t<\/div>\n\t\t\t\t\t<\/div>\n\t\t<\/div>\n\t\t\t\t<div class=\"elementor-column elementor-col-50 elementor-inner-column elementor-element elementor-element-9a04f77\" data-id=\"9a04f77\" data-element_type=\"column\">\n\t\t\t<div class=\"elementor-widget-wrap elementor-element-populated\">\n\t\t\t\t\t\t\t\t<div class=\"elementor-element elementor-element-ccaa030 elementor-widget elementor-widget-heading\" data-id=\"ccaa030\" data-element_type=\"widget\" data-widget_type=\"heading.default\">\n\t\t\t\t<div class=\"elementor-widget-container\">\n\t\t\t<h2 class=\"elementor-heading-title elementor-size-default\">E-book comercializado pela editora<\/h2>\t\t<\/div>\n\t\t\t\t<\/div>\n\t\t\t\t<div class=\"elementor-element elementor-element-da54a0b ebook-desc elementor-widget elementor-widget-heading\" data-id=\"da54a0b\" data-element_type=\"widget\" data-widget_type=\"heading.default\">\n\t\t\t\t<div class=\"elementor-widget-container\">\n\t\t\t<h2 class=\"elementor-heading-title elementor-size-default\">Se o autor desejar, a <marca>Editora La Vita <\/marca>poder\u00e1 disponibilizar o e-book, assim como o arquivo para impress\u00e3o, em plataformas de vendas. O lucro ser\u00e1 calculado a partir do valor de venda que o autor definir para o seu livro e as taxas de servi\u00e7o das plataformas. <br><br><br>Entre em contato conosco, que n\u00f3s lhe ajudaremos a decidir qual \u00e9 a melhor op\u00e7\u00e3o para a sua publica\u00e7\u00e3o. <\/h2>\t\t<\/div>\n\t\t\t\t<\/div>\n\t\t\t\t\t<\/div>\n\t\t<\/div>\n\t\t\t\t\t\t\t<\/div>\n\t\t<\/section>\n\t\t\t\t<section class=\"elementor-section elementor-inner-section elementor-element elementor-element-4ed53ba elementor-section-boxed elementor-section-height-default elementor-section-height-default\" data-id=\"4ed53ba\" data-element_type=\"section\">\n\t\t\t\t\t\t<div class=\"elementor-container elementor-column-gap-default\">\n\t\t\t\t\t<div class=\"elementor-column elementor-col-100 elementor-inner-column elementor-element elementor-element-9d18cf7\" data-id=\"9d18cf7\" data-element_type=\"column\">\n\t\t\t<div class=\"elementor-widget-wrap elementor-element-populated\">\n\t\t\t\t\t\t\t\t<div class=\"elementor-element elementor-element-10d628f ebook-botao elementor-widget elementor-widget-heading\" data-id=\"10d628f\" data-element_type=\"widget\" data-widget_type=\"heading.default\">\n\t\t\t\t<div class=\"elementor-widget-container\">\n\t\t\t<h2 class=\"elementor-heading-title elementor-size-default\"><a href=\"https:\/\/api.whatsapp.com\/send?phone=555198183162&#038;text=Quero%20um%20or%C3%A7amento!\"><content>Quero publicar<\/content><\/a><\/h2>\t\t<\/div>\n\t\t\t\t<\/div>\n\t\t\t\t\t<\/div>\n\t\t<\/div>\n\t\t\t\t\t\t\t<\/div>\n\t\t<\/section>\n\t\t\t\t\t<\/div>\n\t\t<\/div>\n\t\t\t\t\t\t\t<\/div>\n\t\t<\/section>\n\t\t\t\t\t\t<\/div>\n\t\t\t\t\t<\/div>\n\t\t","protected":false},"excerpt":{"rendered":"<p>E-book de acesso LIVRE ou restrito ao autor Acesso livreSe o autor desejar, o livro (e-book) poder\u00e1 ser disponibilizado online, em PDF, no site da editora, para quem quiser baixar ou imprimir, de forma gratuita e vital\u00edcia. O autor ou organizador tem total liberdade para contratar e executar o servi\u00e7o em gr\u00e1fica da sua confian\u00e7a, [&hellip;]<\/p>\n","protected":false},"author":1,"featured_media":0,"parent":0,"menu_order":0,"comment_status":"closed","ping_status":"closed","template":"elementor_header_footer","meta":{"_et_pb_use_builder":"","_et_pb_old_content":"","_et_gb_content_width":""},"_links":{"self":[{"href":"https:\/\/editoralavita.com\/index.php\/wp-json\/wp\/v2\/pages\/533"}],"collection":[{"href":"https:\/\/editoralavita.com\/index.php\/wp-json\/wp\/v2\/pages"}],"about":[{"href":"https:\/\/editoralavita.com\/index.php\/wp-json\/wp\/v2\/types\/page"}],"author":[{"embeddable":true,"href":"https:\/\/editoralavita.com\/index.php\/wp-json\/wp\/v2\/users\/1"}],"replies":[{"embeddable":true,"href":"https:\/\/editoralavita.com\/index.php\/wp-json\/wp\/v2\/comments?post=533"}],"version-history":[{"count":43,"href":"https:\/\/editoralavita.com\/index.php\/wp-json\/wp\/v2\/pages\/533\/revisions"}],"predecessor-version":[{"id":1125,"href":"https:\/\/editoralavita.com\/index.php\/wp-json\/wp\/v2\/pages\/533\/revisions\/1125"}],"wp:attachment":[{"href":"https:\/\/editoralavita.com\/index.php\/wp-json\/wp\/v2\/media?parent=533"}],"curies":[{"name":"wp","href":"https:\/\/api.w.org\/{rel}","templated":true}]}}